*n - 4*n = -44. What are the prime factors of n?
11
Suppose -3*u + 0*n + 35 = -5*n, -n + 21 = 5*u. Suppose 0 = u*q - 15. List the prime factors of q.
3
Suppose -47*n + 50*n = 204. List the prime factors of n.
2, 17
Suppose 6 = -2*i + 108. What are the prime factors of i?
3, 17
Let j = 0 + -1. List the prime factors of ((-18)/8)/(j/8).
2, 3
Let a = 9 + -5. Suppose m + a*m = 0. Let p = m + 6. What are the prime factors of p?
2, 3
Suppose -31*s + 43*s = 852. List the prime factors of s.
71
Let d = -18 + 19. What are the prime factors of 27 + 5 + (1 - d)?
2
Let k = -55 + 98. What are the prime factors of k?
43
Let n(k) = -3*k**3 + 4*k**2 - k - 4. Let x(r) = 1 + 0*r**3 + 4*r - 3*r + r**3. Let v(f) = n(f) + 2*x(f). List the prime factors of v(3).
2, 5
Let u(k) = k**3 - 7*k**2 - 7*k + 10. Let r be -5*(-2 - 2/(-5)). What are the prime factors of u(r)?
2, 3
Suppose 0 = -2*s - 5*s + 308. What are the prime factors of s?
2, 11
List the prime factors of 250/(-3 - (-4 - 1)).
5
Let c(b) = 16*b - 3. Let z be c(2). Let m = z - 17. Suppose 0 = 4*x - x - m. What are the prime factors of x?
2
Let x = -9 - -14. Suppose -x*s + 45 = -120. List the prime factors of s.
3, 11
Suppose 0*k - 30 = -5*k. Let m be 8/k*3/2. Suppose -4*y + 20 = -m*y. What are the prime factors of y?
2, 5
Suppose -2*o - 2*l = -45 + 9, l = -2*o + 38. Suppose -2*k = 2 - o. What are the prime factors of k?
3
Let i be ((-8)/6)/((-6)/135). Suppose -5*t = -5 - i. What are the prime factors of t?
7
Suppose v = 3*k + 66, 2*k + 122 = 2*v - 2*k. What are the prime factors of v?
3, 17
Let i(d) = -2*d**2 - 7*d - 1. Let x(t) = 3*t**2 + 7*t + 1. Let h(p) = 5*i(p) + 4*x(p). List the prime factors of h(7).
2, 3
Suppose 3*l + 6 = -6. Let a = l + 8. Suppose -a*x + 10 = -50. List the prime factors of x.
3, 5
Let q(u) = -u**3 - 5*u**2 - 3*u + 2. What are the prime factors of q(-5)?
17
Suppose 0*x - h + 36 = x, 4*x + h = 156. List the prime factors of x.
2, 5
Suppose x = -x + 3*i - 20, 46 = -4*x + 3*i. Let p be (31/(-3))/(1/3). Let v = x - p. What are the prime factors of v?
2, 3
Let r(s) = -s**3 - 2*s**2 + s - 4. Let a be (2/3)/((-4)/(-6)). Let v = a + -4. What are the prime factors of r(v)?
2
List the prime factors of (-19)/95 + 232/10.
23
Let j(b) = -2*b + 25. List the prime factors of j(0).
5
Suppose 5*x - 40 = -5. Suppose p - w - 26 = 0, -p - 4*w + x = -4. What are the prime factors of p?
23
Suppose -4*r + 4 + 4 = 0. Suppose -r*p - 20 = -4*p. What are the prime factors of p?
2, 5
Suppose -21 = -3*s - 2*o, s + 5*o = 4*s. List the prime factors of s.
5
Suppose -3*x = x - 56. Suppose 5*g + x = 2*a + 2*g, 3*g = a - 4. What are the prime factors of a?
2, 5
Let s = -16 + 30. Let d be 200/s - (-4)/(-14). Suppose 0 = 4*p - 2*n - d, 5*p + 4*n - 45 + 8 = 0. List the prime factors of p.
5
Let a be (0/(2 + 0))/(-2). Suppose a = -z - 6. List the prime factors of (z/5)/(30/(-200)).
2
Suppose -57 = 4*y + 19. Let z be (-2)/(-3) - y/3. What are the prime factors of z - (1 - 1)*-1?
7
Let l(t) = -t**2 - 4*t - 6. Let f be l(-4). Let i(u) = -u**3 - 6*u**2 + u. Let r be i(f). Let w = 11 + r. What are the prime factors of w?
5
Let k(r) = r**2 - 3*r - 2. Suppose -4*o - 10 = -2. List the prime factors of k(o).
2
Let n(r) = -28*r + 33. What are the prime factors of n(-6)?
3, 67
Let a(u) = 3*u**3 - u**2 - 5*u + 2. What are the prime factors of a(3)?
59
Suppose 0*i - 6*i + 168 = 0. Suppose 0 = 5*h - 32 - i. What are the prime factors of h?
2, 3
Let h = 19 - -5. Let d = h + -15. Let s = d + 2. What are the prime factors of s?
11
Suppose -2*x = -3*z + 32 - 8, -5*z + 5*x = -40. Let w be (-12)/(-18) + z/6. Suppose -u = -w*u + 7. What are the prime factors of u?
7
Let j be ((-12)/10)/(4/(-80)). Suppose 2*h = -h + j. List the prime factors of h.
2
Suppose 5*g = 0, -3*m - 4*g + 3*g = -102. Suppose -d + 11 + m = 0. Suppose -d = 2*i - 7*i. What are the prime factors of i?
3
Let h(x) = -2*x + 1. Let m be h(2). Let r = m - 2. Let w(k) = k**3 + 4*k**2 - 7*k - 4. What are the prime factors of w(r)?
2, 3
Suppose -147 = -3*m + 732. What are the prime factors of m?
293
Let n = 162 - 123. List the prime factors of n.
3, 13
Suppose -5*p - 22 = -2*r - 5, 5*r + 5*p = 25. Suppose -a - r*s + 3*s = -19, -s - 31 = -a. What are the prime factors of a?
2, 7
Let g = 19 + -13. Let c(b) = 2*b + 16. List the prime factors of c(g).
2, 7
Let h = 103 + 16. What are the prime factors of h?
7, 17
Let b(q) = q**2 - 5*q - 8. Let t be b(6). What are the prime factors of (-1)/(t + 58/30)?
3, 5
Let q be 34/4*28/7. Suppose -m - 8*u = -3*u - q, 0 = -2*m + 5*u + 53. What are the prime factors of m?
29
Let l(c) = -c**3 + 2*c**2 + 2. Let v be l(3). Let a(q) = -q**2 - 7*q + 6. List the prime factors of a(v).
2, 3
Suppose -s = -6*s + 5. Let b be (-2)/(2/(-18)*2). What are the prime factors of b + -1 + (s - 0)?
3
Let f(o) = -o**2 - 6*o + 3. Suppose -3*j + 39 = -5*n, -n = -0*n + 2*j. Let y be f(n). Suppose y*a - 4*b = -5, b - 1 = 3*a - 11. List the prime factors of a.
5
Suppose 3*m = v - 10, 4*v - m = 6*v + 15. Let i = 4 - v. List the prime factors of i.
3
Let s(p) = p**3 + 2*p**2 - 5*p - 4. Let g be s(-3). Suppose z = g*z + 8. What are the prime factors of (3/2)/((-6)/z)?
2
Suppose j = z + 6, z + 3*z = -4*j + 16. Let l = z + 1. What are the prime factors of -1 + (11 - (-1 + l))?
11
Let w(h) be the second derivative of -h**3/6 + h**2 + h. What are the prime factors of w(-4)?
2, 3
Suppose -3*s = -3*k + 5*k - 247, 5*s = -3*k + 373. List the prime factors of k.
2, 29
Let u be (-10)/(-35) + 72/(-7). Let j = u - -10. Suppose 10 = -j*r + r. What are the prime factors of r?
2, 5
Let b be 1 + -1 + 100 + 2. What are the prime factors of (3 - 0)/(18/b)?
17
Let q(k) = -2*k + 5. List the prime factors of q(-3).
11
Let j(d) = d**2 + 11. Suppose w + 4*w - 15 = 4*l, -w = -l - 3. What are the prime factors of j(l)?
11
Let d = -8 - -201. What are the prime factors of d?
193
Suppose 2*o - o - 8 = f, -o + 5*f + 12 = 0. Suppose -3*w + 5 = 2*b, -2*b - 2*w = -o*w - 45. What are the prime factors of b?
2, 5
Let l = -16 + 6. Let k = 0 - l. What are the prime factors of 182/k - (-1)/(-5)?
2, 3
Suppose -q + 3*q - 138 = 4*y, -4*q + 2*y = -258. Suppose 2*o - 9 - q = 0. Suppose -x = -4*x + o. What are the prime factors of x?
2, 3
Let z(n) = 2*n + 4. Let m(c) = 1. Let s(x) = 2*m(x) - z(x). Suppose 0*v = -2*d + 5*v + 6, -d - 3*v - 8 = 0. What are the prime factors of s(d)?
2
Suppose 1 + 2 = w. Suppose w*u - 29 = -2*n + 14, n - 27 = 4*u. List the prime factors of n.
23
Suppose -5*z + 0 = -25. Suppose 2*d = 7*d - z*n - 105, 0 = 2*n. List the prime factors of d.
3, 7
Suppose -2*l = 3*b - 4*b + 25, 3*l = 6. What are the prime factors of b?
29
What are the prime factors of (1*4)/(3/42)?
2, 7
What are the prime factors of (-6)/(-12)*(137 + 1)?
3, 23
Let s(o) = 4*o**2 + 19*o + 6. What are the prime factors of s(-10)?
2, 3
Let o(l) = 39*l + 19. List the prime factors of o(5).
2, 107
Let c be 4/2 - (0 + -1). Suppose c*q + 1 - 4 = 0. Let d = 3 - q. List the prime factors of d.
2
Suppose 3*r + 118 = 22. Let c = -10 - r. What are the prime factors of c?
2, 11
Let i = -9 - -11. Suppose -5*v - 40 = -v - i*c, -c - 4 = v. List the prime factors of 1 + -4 - (v - 0).
5
Suppose -u - 9 - 8 = -3*t, 2*t + 3*u + 7 = 0. Suppose 5*k = -t + 39. List the prime factors of k.
7
Let w be 1 + -2*(-2)/(-4). Let u(h) = 3*h**2 + 1 + w + 5*h - 2*h**2. What are the prime factors of u(-6)?
7
Let r = 99 + -53. What are the prime factors of r?
2, 23
Let a(l) = 22*l**2 + l. Suppose 0 = 3*o - 2*h - 1, -3 + 6 = -o + 4*h. What are the prime factors of a(o)?
23
Suppose -307 = -5*g + p, -15*p + 11*p + 53 = g. What are the prime factors of g?
61
Suppose 70*k - 74*k = -560. What are the prime factors of k?
2, 5, 7
Suppose 10*m - 5*m - 30 = 0. What are the prime factors of ((-16)/m)/((-8)/24)?
2
Let m = -5 - -5. Suppose c + 20 = 5*c - u, 3*c - 5*u - 32 = m. Suppose 28 = c*w - r, 5*r = 6 + 14. What are the prime factors of w?
2
Suppose 5*y + 4*b = 155, 4*y + 3*b - 124 = 2*b. Suppose y = 5*v + 11. Suppose -16 = -v*p, 2*x = -2*x + 2*p. What are the prime factors of x?
2
Suppose 0 = -3*j + 3, 3*g + 2*g - 2*j + 17 = 0. List the prime factors of (-2)/6*g - -29.
2, 3, 5
Suppose -2*n + 1 = -3*c - 5, -4*n = -c - 12. Suppose v - n*x + 19 = 0, -2*x = -2*v + 2 - 24. W